{"id":362,"date":"2021-06-23T08:01:54","date_gmt":"2021-06-23T06:01:54","guid":{"rendered":"https:\/\/newwww.closdesarpe.com\/?page_id=362"},"modified":"2021-06-23T08:21:31","modified_gmt":"2021-06-23T06:21:31","slug":"mentions-legales","status":"publish","type":"page","link":"https:\/\/www.closdesarpe.com\/?page_id=362","title":{"rendered":"Mentions L\u00e9gales"},"content":{"rendered":"<h3>1. Introduction<\/h3>\n<p><span>Les pr\u00e9sentes conditions d&rsquo;utilisation s&rsquo;imposent \u00e0 toutes les personnes qui acc\u00e8dent au site Internet www.closdesarpe.com sans r\u00e9serves ni exceptions.\u00a0Le Site est la propri\u00e9t\u00e9 du CHATEAU CLOS DE SARPE (SCA BEYNEY SAINT CHRISTOPHE DES BARDES).\u00a0En entrant sur le site Web, l&rsquo;utilisateur accepte et sera r\u00e9put\u00e9 avoir accept\u00e9 les pr\u00e9sentes conditions g\u00e9n\u00e9rales, que l&rsquo;utilisateur est r\u00e9put\u00e9 avoir lu et compris.\u00a0Si l&rsquo;utilisateur n&rsquo;est pas d&rsquo;accord avec l&rsquo;un des Termes et Conditions, il est pri\u00e9 de quitter le site.<\/span><br \/>\n<span>Les propri\u00e9taires, webmasters et auteurs de www.closdesarpe.com (CHATEAU CLOS DE SARPE) se r\u00e9servent le droit, \u00e0 leur discr\u00e9tion, de mettre \u00e0 jour et de modifier les pr\u00e9sentes Conditions G\u00e9n\u00e9rales d&rsquo;Utilisation.\u00a0En cons\u00e9quence, il vous est demand\u00e9 de les v\u00e9rifier r\u00e9guli\u00e8rement pour \u00eatre au courant de toute modification.\u00a0Nous consid\u00e9rons que vous acceptez une modification des conditions d&rsquo;utilisation si vous continuez \u00e0 utiliser le site apr\u00e8s la publication de cette modification.<\/span><\/p>\n<h3><span>2. Contenu<\/span><\/h3>\n<p><span>Tous les textes, graphiques, images, photographies, logos, vid\u00e9os et contenus disponibles sur le Site sont la propri\u00e9t\u00e9, contr\u00f4l\u00e9s ou sous licence par ou \u00e0 CHATEAU CLOS DE SARPE, et sont prot\u00e9g\u00e9s par les lois sur le droit d&rsquo;auteur et les marques, et divers autres droits de propri\u00e9t\u00e9 intellectuelle et concurrence d\u00e9loyale lois.\u00a0L&rsquo;autorisation est donn\u00e9e pour le t\u00e9l\u00e9chargement et le stockage temporaire de toutes les sections Biblioth\u00e8que et Communiqu\u00e9s de presse aux fins de visualisation sur un ordinateur personnel ou professionnel.\u00a0Nos documents sont gratuits pour un usage professionnel et personnel et \u00e0 cette fin peuvent \u00eatre \u00e9dit\u00e9s et imprim\u00e9s.\u00a0Vous vous engagez \u00e0 ne jamais utiliser le contenu ou les \u00e9l\u00e9ments disponibles sur ce site \u00e0 des fins commerciales.\u00a0La r\u00e9cup\u00e9ration syst\u00e9matique des donn\u00e9es ou autres, \u00e0 partir de ce site pour cr\u00e9er ou publier, directement ou indirectement, une compilation, une collection,<\/span><\/p>\n<h3><span>3. Propri\u00e9t\u00e9 intellectuelle<\/span><\/h3>\n<p><span>Le site Web appartient au CHATEAU CLOS DE SARPE et l&rsquo;utilisateur reconna\u00eet que le CHATEAU CLOS DE SARPE ou ses conc\u00e9dants de licence sont les propri\u00e9taires de toute la propri\u00e9t\u00e9 intellectuelle disponible dans, relative ou utilis\u00e9e sur le site Web, y compris, sans limitation, les inventions, les droits d&rsquo;auteur, les marques, la bonne volont\u00e9 et secrets commerciaux.<\/span><\/p>\n<p><strong>CHATEAU CLOS DE SARPE<\/strong><br \/>\n<strong>SCA BEYNEY SAINT CHRISTOPHE DES BARDES<\/strong><br \/>\n33 330 Saint Emilion, FRANCE<br \/>\nPhone number: +33 (0)5 57 24 72 39<br \/>\nCapital stock : 584,000\u20ac<br \/>\nSiren: 339 243 438<\/p>\n<h3><span>4. Limitation de responsabilit\u00e9<\/span><\/h3>\n<p><span>CHATEAU CLOS DE SARPE ne pourra \u00e0 quelque titre que ce soit \u00eatre tenu pour responsable des dommages directs ou indirects &#8211; y compris mais sans s&rsquo;y limiter &#8211; la perte de profits, la perte de client\u00e8le, la perte de donn\u00e9es du fait de l&rsquo;utilisation ou de l&rsquo;impossibilit\u00e9 d&rsquo;utiliser le site ou le contenu et \u00e9l\u00e9ments accessibles via le site ou aux pertes caus\u00e9es par des vices cach\u00e9s ou patents du site ou de l&rsquo;utilisation du site et des informations contenues sur le site.\u00a0Cette limitation s&rsquo;applique, en mati\u00e8re contractuelle et\/ou tortueuse.\u00a0Votre utilisation de ce site indique l&rsquo;acceptation de ce qui pr\u00e9c\u00e8de.<\/span><\/p>\n<h3><span>5. Votre utilisation du site<\/span><\/h3>\n<p><span>Vous ne pouvez utiliser aucun processus, pour acc\u00e9der, acqu\u00e9rir une copie ou surveiller une partie du site ou de tout contenu, ou reproduire de quelque mani\u00e8re que ce soit la structure de navigation ou la pr\u00e9sentation du site ou de tout contenu, pour obtenir ou tenter d&rsquo;obtenir des documents ou des informations. par tout moyen non volontairement mis \u00e0 disposition sur le Site.\u00a0Vous ne pouvez pas sonder, scanner ou tester la vuln\u00e9rabilit\u00e9 du Site ou de tout r\u00e9seau connect\u00e9 au Site, ni enfreindre les mesures de s\u00e9curit\u00e9 ou d&rsquo;authentification sur le Site ou sur tout r\u00e9seau connect\u00e9 au Site.<\/span><br \/>\n<span>Vous n&rsquo;\u00eates pas autoris\u00e9 \u00e0 tracer des informations sur tout autre utilisateur d&rsquo;un visiteur du Site, ou tout autre client de CHATEAU CLOS DE SARPE ou exploiter le Site ou tout service ou information mis \u00e0 disposition par ou via le Site.\u00a0Vous acceptez de ne prendre aucune mesure qui impose une charge d\u00e9raisonnable ou disproportionn\u00e9e \u00e0 l&rsquo;infrastructure du Site ou aux syst\u00e8mes ou r\u00e9seaux de CHATEAU CLOS DE SARPE, ou \u00e0 tout syst\u00e8me ou r\u00e9seau connect\u00e9 au site Web ou \u00e0 CHATEAU CLOS DE SARPE.<\/span><br \/>\n<span>Vous ne pouvez pas falsifier les en-t\u00eates ou manipuler les identifiants afin de dissimuler l&rsquo;origine de tout message que vous envoyez \u00e0 CHATEAU CLOS DE SARPE sur ou via le Site ou de tout service propos\u00e9 sur ou via le Site.\u00a0Vous ne pouvez pas pr\u00e9tendre que vous l&rsquo;\u00eates ou que vous repr\u00e9sentez quelqu&rsquo;un d&rsquo;autre.\u00a0Vous ne pouvez pas utiliser le site Web ou tout contenu \u00e0 des fins ill\u00e9gales ou interdites par les pr\u00e9sentes conditions d&rsquo;utilisation, ou pour solliciter l&rsquo;ex\u00e9cution de toute activit\u00e9 ill\u00e9gale ou autre activit\u00e9 qui enfreint les droits de CHATEAU CLOS DE SARPE ou autres.<\/span><\/p>\n<h3><span>6. Politique de confidentialit\u00e9<\/span><\/h3>\n<p><span>La politique de confidentialit\u00e9 de CHATEAU CLOS DE SARPE s&rsquo;applique \u00e0 l&rsquo;utilisation de ce site, et ses termes sont int\u00e9gr\u00e9s aux pr\u00e9sentes conditions d&rsquo;utilisation par cette r\u00e9f\u00e9rence.\u00a0Pour consulter la politique de confidentialit\u00e9 du CHATEAU CLOS DE SARPE, veuillez cliquer sur le lien ci-dessous.\u00a0En utilisant le Site, vous reconnaissez et acceptez que les transmissions Internet ne sont jamais totalement priv\u00e9es ou s\u00e9curis\u00e9es.\u00a0Voir la politique de confidentialit\u00e9 du CHATEAU CLOS DE SARPE.<\/span><\/p>\n<h3><span>7. Liens vers d&rsquo;autres sites et vers les sites du CHATEAU CLOS DE SARPE<\/span><\/h3>\n<p><span>L&rsquo;utilisateur assume l&rsquo;enti\u00e8re responsabilit\u00e9 et les risques li\u00e9s \u00e0 l&rsquo;utilisation du site Web et des sites li\u00e9s et CHATEAU CLOS DE SARPE d\u00e9cline toute responsabilit\u00e9 pour toute perte, blessure, dommage, co\u00fbt, p\u00e9nalit\u00e9 ou r\u00e9clamation r\u00e9sultant de l&rsquo;utilisation du site Web, qu&rsquo;elle soit directe ou indirecte. , et si CHATEAU CLOS DE SARPE a \u00e9t\u00e9 inform\u00e9 ou a connaissance de la possibilit\u00e9 d&rsquo;une telle perte, blessure, dommage, co\u00fbt, p\u00e9nalit\u00e9 ou r\u00e9clamation r\u00e9sultant de l&rsquo;utilisation du site Web, qu&rsquo;elle soit directe ou indirecte.<\/span><br \/>\n<span>Des liens vers d&rsquo;autres sites peuvent \u00e9galement provenir des soci\u00e9t\u00e9s ou partenaires de BSO CHATEAU CLOS DE SARPE.\u00a0CHATEAU CLOS DE SARPE inclut ces liens uniquement pour votre commodit\u00e9, et la pr\u00e9sence d&rsquo;un tel lien n&rsquo;implique pas une responsabilit\u00e9 pour le site li\u00e9 (www.closdesarpe.com) ou une approbation du site li\u00e9, de son op\u00e9rateur ou de son Contenu.\u00a0CHATEAU CLOS DE SARPE n&rsquo;a aucun contr\u00f4le sur ces sites Web, n&rsquo;examine pas leur contenu et ne sera pas responsable de leur contenu ou de leur exactitude.\u00a0L&rsquo;utilisateur acc\u00e8de \u00e0 ces sites Web \u00e0 ses propres risques et discr\u00e9tion.<\/span><\/p>\n<h3><span>8. Avis de non-responsabilit\u00e9<\/span><\/h3>\n<p><span>L&rsquo;utilisateur indemnise le CHATEAU CLOS DE SARPE et aucune responsabilit\u00e9 ne peut \u00eatre attribu\u00e9e au CHATEAU CLOS DE SARPE pour tout ou partie des responsabilit\u00e9s, pertes, dommages, p\u00e9nalit\u00e9s, co\u00fbts ou r\u00e9clamations de quelque nature que ce soit subis par un tiers en relation avec un l&rsquo;utilisateur ou les membres de l&rsquo;utilisateur, employ\u00e9s, repr\u00e9sentants, agents ou ayants droit ou tout tiers en relation avec le site Web et l&rsquo;utilisation de celui-ci par l&rsquo;utilisateur, et\/ou d\u00e9coulant des dispositions des pr\u00e9sentes conditions g\u00e9n\u00e9rales.<\/span><br \/>\n<span>CHATEAU CLOS DE SARPE ne garantit pas implicitement ou explicitement que le site est exempt d&rsquo;erreurs ou ne peut pas \u00eatre interrompu ou que tout d\u00e9faut sera corrig\u00e9 ou que votre utilisation du site Web fournira des r\u00e9sultats sp\u00e9cifiques.\u00a0Toutes les informations fournies sur le site sont sujettes \u00e0 changement sans pr\u00e9avis.\u00a0La seule action contre CHATEAU CLOS DE SARPE pour insatisfaction avec le site ou tout contenu est de cesser d&rsquo;utiliser le site ou tout tel contenu.\u00a0Cette limitation ou exon\u00e9ration fait partie de l&rsquo;accord entre les deux parties.\u00a0CHATEAU CLOS DE SARPE ne peut garantir que les fichiers ou autres donn\u00e9es que vous t\u00e9l\u00e9chargerez \u00e0 partir du site seront exempts de virus.<\/span><br \/>\n<span>CHATEAU CLOS DE SARPE se r\u00e9serve le droit d&rsquo;effectuer l&rsquo;une des actions suivantes, \u00e0 tout moment et sans pr\u00e9avis\u00a0: de modifier, suspendre ou mettre fin au fonctionnement ou \u00e0 l&rsquo;acc\u00e8s au Site, ou \u00e0 toute partie du Site, pour quelque raison que ce soit\u00a0;\u00a0pour modifier le Site, ou toute partie du Site, et toute politique ou condition applicable\u00a0;\u00a0et d&rsquo;interrompre le fonctionnement du Site, ou de toute partie du Site, si n\u00e9cessaire pour effectuer une maintenance de routine ou non, une correction d&rsquo;erreurs ou d&rsquo;autres modifications.<\/span><br \/>\n<span>Vous acceptez d&rsquo;indemniser et de tenir le CHATEAU CLOS DE SARPE, ses dirigeants, administrateurs, actionnaires, pr\u00e9d\u00e9cesseurs, ayants droit, employ\u00e9s, agents, filiales et soci\u00e9t\u00e9s affili\u00e9es, indemnes de toute demande, perte, responsabilit\u00e9, r\u00e9clamations ou d\u00e9penses (y compris les honoraires d&rsquo;avocat) , faite contre CHATEAU CLOS DE SARPE par un tiers en raison de ou d\u00e9coulant de ou en relation avec votre utilisation du Site.<\/span><\/p>\n<h3><span>9. Violation des pr\u00e9sentes conditions d&rsquo;utilisation<\/span><\/h3>\n<p><span>CHATEAU CLOS DE SARPE se r\u00e9serve le droit de divulguer \u00e0 tout moment toute information que CHATEAU CLOS DE SARPE semble n\u00e9cessaire, pour se conformer \u00e0 toute loi, r\u00e9glementation, proc\u00e9dure judiciaire ou demande gouvernementale applicable.\u00a0CHATEAU CLOS DE SARPE peut \u00e9galement divulguer vos informations lorsque CHATEAU CLOS DE SARPE d\u00e9termine que la loi applicable exige ou autorise une telle divulgation, y compris l&rsquo;\u00e9change d&rsquo;informations avec d&rsquo;autres soci\u00e9t\u00e9s et organisations \u00e0 des fins de protection contre la fraude.<\/span><br \/>\n<span>Vous reconnaissez et acceptez que CHATEAU CLOS DE SARPE peut conserver toute communication faite entre vous et CHATEAU CLOS DE SARPE Solutions via le Site et peut \u00e9galement divulguer ces donn\u00e9es si la loi l&rsquo;exige.\u00a0La divulgation peut \u00e9galement \u00eatre effectu\u00e9e lorsque le CHATEAU CLOS DE SARPE d\u00e9termine qu&rsquo;une telle divulgation est raisonnablement n\u00e9cessaire pour se conformer \u00e0 une proc\u00e9dure l\u00e9gale, faire respecter les pr\u00e9sentes conditions d&rsquo;utilisation, r\u00e9pondre aux r\u00e9clamations selon lesquelles de telles donn\u00e9es violent les droits d&rsquo;autrui, ou prot\u00e9ger les droits, la propri\u00e9t\u00e9 ou la s\u00e9curit\u00e9 personnelle du CHATEAU CLOS DE SARPE, de ses salari\u00e9s, utilisateurs ou visiteurs du Site, et du public.<\/span><br \/>\n<span>Si CHATEAU CLOS DE SARPE intente une action en justice contre vous \u00e0 la suite de votre violation des pr\u00e9sentes Conditions d&rsquo;utilisation, CHATEAU CLOS DE SARPE sera en droit de r\u00e9cup\u00e9rer aupr\u00e8s de vous, et vous acceptez de payer, tous les honoraires d&rsquo;avocat et les frais raisonnables de ces action, en plus de tout autre redressement accord\u00e9 au CHATEAU CLOS DE SARPE.\u00a0Vous acceptez que CHATEAU CLOS DE SARPE ne sera pas responsable envers vous ou envers un tiers de la r\u00e9siliation de votre acc\u00e8s au Site \u00e0 la suite de toute violation des pr\u00e9sentes Conditions d&rsquo;utilisation.<\/span><\/p>\n<h3><span>10. Droit applicable\u00a0;\u00a0R\u00e8glement des diff\u00e9rends<\/span><\/h3>\n<p><span>Vous acceptez que toutes les questions relatives \u00e0 votre acc\u00e8s ou \u00e0 votre utilisation du site Web, y compris tous les litiges, seront r\u00e9gies par les lois de la FRANCE sans tenir compte de ses dispositions en mati\u00e8re de conflits de lois.\u00a0Vous acceptez la comp\u00e9tence personnelle et le lieu de l&rsquo;\u00c9tat et des tribunaux en France, et renoncez \u00e0 toute objection \u00e0 cette comp\u00e9tence ou ce lieu.\u00a0Toute r\u00e9clamation en vertu des pr\u00e9sentes conditions d&rsquo;utilisation doit \u00eatre d\u00e9pos\u00e9e dans un d\u00e9lai d&rsquo;un an apr\u00e8s la survenance de la cause d&rsquo;action, ou une telle r\u00e9clamation ou cause d&rsquo;action est prescrite.\u00a0Aucun recouvrement ne peut \u00eatre demand\u00e9 ou re\u00e7u pour des dommages-int\u00e9r\u00eats autres que les frais remboursables, sauf que la partie gagnante aura droit aux frais et honoraires d&rsquo;avocat.<\/span><br \/>\n<span>En cas de controverse ou de litige entre le CHATEAU CLOS DE SARPE et vous d\u00e9coulant de ou en relation avec votre utilisation du Site, les parties s&rsquo;efforceront, rapidement et de bonne foi, de r\u00e9soudre un tel litige \u00e0 l&rsquo;amiable avec ou sans m\u00e9diateur, dans un d\u00e9lai raisonnable (ne d\u00e9passant pas 30 jours).\u00a0Si le litige ne peut \u00eatre r\u00e9solu \u00e0 l&rsquo;amiable dans ce d\u00e9lai, les parties seront alors libres d&rsquo;exercer tout droit ou recours dont elles disposent en vertu de la loi applicable.<\/span><\/p>\n<h3><span>11. Nul l\u00e0 o\u00f9 il est interdit<\/span><\/h3>\n<p><span>CHATEAU CLOS DE SARPE administre et exploite le site suivant : www.closdesarpe.com depuis son si\u00e8ge \u00e0 Saint Emilion, FRANCE ;\u00a0d&rsquo;autres sites du CHATEAU CLOS DE SARPE peuvent \u00eatre administr\u00e9s et exploit\u00e9s \u00e0 partir de divers endroits en dehors de ce pays.\u00a0Le site est accessible dans le monde entier mais tous les contenus de www.closdesarpe.com (fonctionnalit\u00e9s, produits ou services discut\u00e9s, r\u00e9f\u00e9renc\u00e9s, fournis ou offerts) ne sont pas accessibles \u00e0 toutes les personnes ou dans toutes les zones g\u00e9ographiques.<\/span><br \/>\n<span>CHATEAU CLOS DE SARPE se r\u00e9serve le droit de limiter, \u00e0 sa seule discr\u00e9tion, la fourniture et la quantit\u00e9 de toute fonctionnalit\u00e9, produit ou service \u00e0 toute personne ou zone g\u00e9ographique.\u00a0Toute offre pour toute fonctionnalit\u00e9, produit ou service faite sur le site Web est nulle l\u00e0 o\u00f9 elle est interdite.\u00a0Si vous choisissez d&rsquo;acc\u00e9der \u00e0 www.closdesarpe.com depuis l&rsquo;\u00e9tranger, vous \u00eates seul responsable du respect des lois locales applicables.<\/span><\/p>\n<h3><span>12. Divers<\/span><\/h3>\n<p><span>Vous ne pouvez pas utiliser, exporter ou r\u00e9exporter tout Contenu ou toute copie ou adaptation de ce Contenu, ou de tout produit ou service propos\u00e9 sur le Site, en violation de toute loi ou r\u00e9glementation applicable, y compris, sans limitation, les lois et r\u00e9glementations fran\u00e7aises en mati\u00e8re d&rsquo;exportation.\u00a0Les pr\u00e9sentes Conditions d&rsquo;utilisation constituent l&rsquo;int\u00e9gralit\u00e9 de l&rsquo;accord pass\u00e9 entre vous et CHATEAU CLOS DE SARPE en ce qui concerne votre utilisation du Site.\u00a0Le manquement de CHATEAU CLOS DE SARPE \u00e0 insister ou \u00e0 faire respecter strictement les pr\u00e9sentes Conditions d&rsquo;utilisation ne doit pas \u00eatre interpr\u00e9t\u00e9 comme une renonciation par CHATEAU CLOS DE SARPE \u00e0 toute disposition ou \u00e0 tout droit dont il dispose pour faire respecter les pr\u00e9sentes Conditions d&rsquo;utilisation, ni \u00e0 aucune entre CHATEAU CLOS DE SARPE et vous ou toute autre partie sera r\u00e9put\u00e9 modifier toute disposition des pr\u00e9sentes Conditions d&rsquo;utilisation.<\/span><\/p>\n<h3><span>13. Commentaires et informations<\/span><\/h3>\n<p><span>Tout commentaire que vous fournissez via ce site sera consid\u00e9r\u00e9 comme non confidentiel.\u00a0CHATEAU CLOS DE SARPE est libre d&rsquo;utiliser ces informations sans restriction.<\/span><\/p>\n<h3><span>14. H\u00e9bergement de sites Web<\/span><\/h3>\n<p><span>Les sites Internet sont h\u00e9berg\u00e9s par BSO Network Solutions, 81 Avenue Fran\u00e7ois Arago, 92 000 Nanterre, FRANCE +33 1 77 36 11 00.<\/span><br \/>\n<span>www.bsonetwork.com<\/span><br \/>\n<span>Les informations contenues dans ce site Internet sont susceptibles d&rsquo;\u00eatre modifi\u00e9es sans pr\u00e9avis.<\/span><\/p>\n","protected":false},"excerpt":{"rendered":"<p>1. Introduction Les pr\u00e9sentes conditions d&rsquo;utilisation s&rsquo;imposent \u00e0 toutes les personnes qui acc\u00e8dent au site Internet www.closdesarpe.com sans r\u00e9serves ni exceptions.\u00a0Le Site est la propri\u00e9t\u00e9 du CHATEAU CLOS DE SARPE (SCA BEYNEY SAINT CHRISTOPHE DES BARDES).\u00a0En entrant sur le site Web, l&rsquo;utilisateur accepte et sera r\u00e9put\u00e9 avoir accept\u00e9 les pr\u00e9sentes conditions g\u00e9n\u00e9rales, que l&rsquo;utilisateur est [&hellip;]<\/p>\n","protected":false},"author":1,"featured_media":0,"parent":0,"menu_order":0,"comment_status":"closed","ping_status":"closed","template":"","meta":{"_seopress_robots_primary_cat":"","footnotes":""},"acf":[],"_links":{"self":[{"href":"https:\/\/www.closdesarpe.com\/index.php?rest_route=\/wp\/v2\/pages\/362"}],"collection":[{"href":"https:\/\/www.closdesarpe.com\/index.php?rest_route=\/wp\/v2\/pages"}],"about":[{"href":"https:\/\/www.closdesarpe.com\/index.php?rest_route=\/wp\/v2\/types\/page"}],"author":[{"embeddable":true,"href":"https:\/\/www.closdesarpe.com\/index.php?rest_route=\/wp\/v2\/users\/1"}],"replies":[{"embeddable":true,"href":"https:\/\/www.closdesarpe.com\/index.php?rest_route=%2Fwp%2Fv2%2Fcomments&post=362"}],"version-history":[{"count":6,"href":"https:\/\/www.closdesarpe.com\/index.php?rest_route=\/wp\/v2\/pages\/362\/revisions"}],"predecessor-version":[{"id":377,"href":"https:\/\/www.closdesarpe.com\/index.php?rest_route=\/wp\/v2\/pages\/362\/revisions\/377"}],"wp:attachment":[{"href":"https:\/\/www.closdesarpe.com\/index.php?rest_route=%2Fwp%2Fv2%2Fmedia&parent=362"}],"curies":[{"name":"wp","href":"https:\/\/api.w.org\/{rel}","templated":true}]}}