{"id":491,"date":"2021-06-25T15:39:19","date_gmt":"2021-06-25T13:39:19","guid":{"rendered":"https:\/\/newwww.closdesarpe.com\/?page_id=491"},"modified":"2021-07-06T13:37:48","modified_gmt":"2021-07-06T11:37:48","slug":"histoire-es","status":"publish","type":"page","link":"https:\/\/www.closdesarpe.com\/?page_id=491&lang=es","title":{"rendered":"Historia"},"content":{"rendered":"<h1 style=\"text-align: center;\">Una perla en el coraz\u00f3n de Saint-\u00c9milion<\/h1>\n<h4 style=\"text-align: center;\">Un \u00ab\u00a0peque\u00f1o\u00a0\u00bb Grand Cru Class\u00e9 reconocido entre la \u00e9lite internacional del vino.<\/h4>\n<h5 style=\"text-align: center;\">Este vino ya exist\u00eda en el siglo XVIII con el nombre de \u00ab\u00a0Cru de Sarpe\u00a0\u00bb Su nombre actual data del siglo XIX.<\/h5>\n","protected":false},"excerpt":{"rendered":"<p>Una perla en el coraz\u00f3n de Saint-\u00c9milion Un \u00ab\u00a0peque\u00f1o\u00a0\u00bb Grand Cru Class\u00e9 reconocido entre la \u00e9lite internacional del vino. Este vino ya exist\u00eda en el siglo XVIII con el nombre de \u00ab\u00a0Cru de Sarpe\u00a0\u00bb Su nombre actual data del siglo XIX.<\/p>\n","protected":false},"author":1,"featured_media":0,"parent":0,"menu_order":0,"comment_status":"closed","ping_status":"closed","template":"page-histoire.php","meta":{"_seopress_robots_primary_cat":"","footnotes":""},"acf":[],"_links":{"self":[{"href":"https:\/\/www.closdesarpe.com\/index.php?rest_route=\/wp\/v2\/pages\/491"}],"collection":[{"href":"https:\/\/www.closdesarpe.com\/index.php?rest_route=\/wp\/v2\/pages"}],"about":[{"href":"https:\/\/www.closdesarpe.com\/index.php?rest_route=\/wp\/v2\/types\/page"}],"author":[{"embeddable":true,"href":"https:\/\/www.closdesarpe.com\/index.php?rest_route=\/wp\/v2\/users\/1"}],"replies":[{"embeddable":true,"href":"https:\/\/www.closdesarpe.com\/index.php?rest_route=%2Fwp%2Fv2%2Fcomments&post=491"}],"version-history":[{"count":5,"href":"https:\/\/www.closdesarpe.com\/index.php?rest_route=\/wp\/v2\/pages\/491\/revisions"}],"predecessor-version":[{"id":860,"href":"https:\/\/www.closdesarpe.com\/index.php?rest_route=\/wp\/v2\/pages\/491\/revisions\/860"}],"wp:attachment":[{"href":"https:\/\/www.closdesarpe.com\/index.php?rest_route=%2Fwp%2Fv2%2Fmedia&parent=491"}],"curies":[{"name":"wp","href":"https:\/\/api.w.org\/{rel}","templated":true}]}}