{"id":651,"date":"2021-06-27T10:14:14","date_gmt":"2021-06-27T08:14:14","guid":{"rendered":"https:\/\/newwww.closdesarpe.com\/?page_id=651"},"modified":"2021-07-01T13:48:08","modified_gmt":"2021-07-01T11:48:08","slug":"terroir-3","status":"publish","type":"page","link":"https:\/\/www.closdesarpe.com\/?page_id=651&lang=de","title":{"rendered":"Terroir"},"content":{"rendered":"<h1 style=\"text-align: center;\">Im herzen eines grossen terroirs<\/h1>\n<p style=\"text-align: center;\">Der Weinberg von Ch\u00e2teau Clos de Sarpe umfasst 3,70\u00a0ha zusammenh\u00e4ngenden Reblands mit S\u00fcd- S\u00fcdostausrichtung auf dem Lehm-Kalk-Plateau von Sarpe (auf Asterienkalk). Ein wunderbar homogenes Terroir im Herzen der gr\u00f6\u00dften Terroirs der Appellation: Ch\u00e2teau Trottevieille, Ch\u00e2teau Troplong-Mondot, Ch\u00e2teau Haut-Sarpe, Ch\u00e2teau Sansonnet, \u2026.<\/p>\n<p style=\"text-align: center;\">Einer auf Ch\u00e2teau Clos de Sarpe durchgef\u00fchrten pedologischen Studie zufolge findet man auf Ch\u00e2teau Clos de Sarpe Ton-Kalk-Formationen vom Typ der sogenannten \u201eMolasse du Fronsadais\u201c (der obere Teil dieser Molasse stammt aus dem unteren Oligoz\u00e4n &#8211; vor ca. 25 Millionen Jahren) und vom Typ \u201eMolasse de l\u2019Agenais\u201c (diese Molasse-Formation vermischt sich mit Ablagerungen aus Asterienkalk). Dieser Kalkstein, der auf das Oberoligoz\u00e4n (vor etwa 30 Millionen Jahren) datiert wird, wurde regelm\u00e4\u00dfig bei Bohrkernanalysen und in Ablagerungen gefunden.<\/p>\n<p>Die \u201eMolasse de l&rsquo;Agenais\u201c (kalkhaltiger Lehm) hat eine Oberfl\u00e4chendicke von weniger als 50 cm und ruht direkt auf dem Kalkstein.<\/p>\n","protected":false},"excerpt":{"rendered":"<p>Im herzen eines grossen terroirs Der Weinberg von Ch\u00e2teau Clos de Sarpe umfasst 3,70\u00a0ha zusammenh\u00e4ngenden Reblands mit S\u00fcd- S\u00fcdostausrichtung auf dem Lehm-Kalk-Plateau von Sarpe (auf Asterienkalk). Ein wunderbar homogenes Terroir im Herzen der gr\u00f6\u00dften Terroirs der Appellation: Ch\u00e2teau Trottevieille, Ch\u00e2teau Troplong-Mondot, Ch\u00e2teau Haut-Sarpe, Ch\u00e2teau Sansonnet, \u2026. Einer auf Ch\u00e2teau Clos de Sarpe durchgef\u00fchrten pedologischen Studie [&hellip;]<\/p>\n","protected":false},"author":1,"featured_media":0,"parent":0,"menu_order":0,"comment_status":"closed","ping_status":"closed","template":"page-philosophie.php","meta":{"_seopress_robots_primary_cat":"","footnotes":""},"acf":[],"_links":{"self":[{"href":"https:\/\/www.closdesarpe.com\/index.php?rest_route=\/wp\/v2\/pages\/651"}],"collection":[{"href":"https:\/\/www.closdesarpe.com\/index.php?rest_route=\/wp\/v2\/pages"}],"about":[{"href":"https:\/\/www.closdesarpe.com\/index.php?rest_route=\/wp\/v2\/types\/page"}],"author":[{"embeddable":true,"href":"https:\/\/www.closdesarpe.com\/index.php?rest_route=\/wp\/v2\/users\/1"}],"replies":[{"embeddable":true,"href":"https:\/\/www.closdesarpe.com\/index.php?rest_route=%2Fwp%2Fv2%2Fcomments&post=651"}],"version-history":[{"count":6,"href":"https:\/\/www.closdesarpe.com\/index.php?rest_route=\/wp\/v2\/pages\/651\/revisions"}],"predecessor-version":[{"id":841,"href":"https:\/\/www.closdesarpe.com\/index.php?rest_route=\/wp\/v2\/pages\/651\/revisions\/841"}],"wp:attachment":[{"href":"https:\/\/www.closdesarpe.com\/index.php?rest_route=%2Fwp%2Fv2%2Fmedia&parent=651"}],"curies":[{"name":"wp","href":"https:\/\/api.w.org\/{rel}","templated":true}]}}