{"id":68,"date":"2021-06-17T17:52:06","date_gmt":"2021-06-17T15:52:06","guid":{"rendered":"http:\/\/newwww.closdesarpe.com\/?page_id=68"},"modified":"2021-07-07T15:24:25","modified_gmt":"2021-07-07T13:24:25","slug":"presse","status":"publish","type":"page","link":"https:\/\/www.closdesarpe.com\/?page_id=68","title":{"rendered":"Presse"},"content":{"rendered":"<h1 style=\"text-align: center;\">Revue de presse<\/h1>\n<h3 style=\"text-align: center;\">Une reconnaissance internationale<\/h3>\n<p style=\"text-align: center;\">Depuis 1998, Clos de Sarpe a su s\u2019imposer parmi les vins les plus renomm\u00e9s de Saint-Emilion et du Bordelais. Ainsi, d\u00e8s 1998, Robert Parker a reconnu l\u2019excellence des vins de Chateau Clos de Sarpe 2011 avec la meilleure note toute appellations confondues pour l\u2019ensemble des vins de Bordeaux (note). Laquelle ? En 2012, le Ch\u00e2teau Clos de Sarpe est promu Grand Cru Class\u00e9, distinction qui vient reconna\u00eetre la qualit\u00e9 exceptionnelle de ses terroirs et de ses vins et couronner plus de 20 ans de travail. Chaque ann\u00e9e, l\u2019excellence de nos vins est mis en avant par les critiques des vins les plus influents Aujourd\u2019hui les vins du Ch\u00e2teau Clos de Sarpe ont distribu\u00e9s par les n\u00e9gociants de la Place de Bordeaux dans de tr\u00e8s nombreux pays : USA, Royaume-Uni, Suisse, Autriche, Allemagne, Benelux, Chine, Taiwan, Japon, Br\u00e9sil, Hong-Kong, Thailande, Canada, \u2026<\/p>\n","protected":false},"excerpt":{"rendered":"<p>Revue de presse Une reconnaissance internationale Depuis 1998, Clos de Sarpe a su s\u2019imposer parmi les vins les plus renomm\u00e9s de Saint-Emilion et du Bordelais. Ainsi, d\u00e8s 1998, Robert Parker a reconnu l\u2019excellence des vins de Chateau Clos de Sarpe 2011 avec la meilleure note toute appellations confondues pour l\u2019ensemble des vins de Bordeaux (note). [&hellip;]<\/p>\n","protected":false},"author":1,"featured_media":0,"parent":0,"menu_order":0,"comment_status":"closed","ping_status":"closed","template":"page-presse.php","meta":{"_seopress_robots_primary_cat":"","footnotes":""},"acf":[],"_links":{"self":[{"href":"https:\/\/www.closdesarpe.com\/index.php?rest_route=\/wp\/v2\/pages\/68"}],"collection":[{"href":"https:\/\/www.closdesarpe.com\/index.php?rest_route=\/wp\/v2\/pages"}],"about":[{"href":"https:\/\/www.closdesarpe.com\/index.php?rest_route=\/wp\/v2\/types\/page"}],"author":[{"embeddable":true,"href":"https:\/\/www.closdesarpe.com\/index.php?rest_route=\/wp\/v2\/users\/1"}],"replies":[{"embeddable":true,"href":"https:\/\/www.closdesarpe.com\/index.php?rest_route=%2Fwp%2Fv2%2Fcomments&post=68"}],"version-history":[{"count":10,"href":"https:\/\/www.closdesarpe.com\/index.php?rest_route=\/wp\/v2\/pages\/68\/revisions"}],"predecessor-version":[{"id":887,"href":"https:\/\/www.closdesarpe.com\/index.php?rest_route=\/wp\/v2\/pages\/68\/revisions\/887"}],"wp:attachment":[{"href":"https:\/\/www.closdesarpe.com\/index.php?rest_route=%2Fwp%2Fv2%2Fmedia&parent=68"}],"curies":[{"name":"wp","href":"https:\/\/api.w.org\/{rel}","templated":true}]}}